 18*g - 8. What is p(-4)?
0
Let j(u) = -4*u**2 - 9*u - 9. Calculate j(-1).
-4
Let c(k) = 15*k**3 + 2*k**2 - 2*k. What is c(1)?
15
Let i(w) = -6*w**2 - 2. Calculate i(3).
-56
Let v(j) = -2*j + 28. What is v(19)?
-10
Let r(d) = -11*d - 170. What is r(-16)?
6
Let h(p) = -4*p + 1. Calculate h(-9).
37
Let j(s) = -54*s**2 + 5*s - 3. What is j(1)?
-52
Let p(g) = -g**3 + 6*g**2 + 12*g - 14. Calculate p(7).
21
Let i(c) = -c**2 - 25*c - 30. Give i(-22).
36
Let t(l) = -l**3 - 3*l**2 - 2*l - 3. What is t(-2)?
-3
Let k(x) = -2*x**2 - 2. Give k(4).
-34
Let m(c) = c**2 + 4. Give m(4).
20
Let t(m) = -2*m**2 + 33*m + 143. What is t(20)?
3
Let w(y) = -y**3 - y**2 + y + 1. What is w(0)?
1
Let a(s) = -s + 20. Give a(14).
6
Let j(l) = -3*l - 3. What is j(-2)?
3
Let z(f) = -8*f + 1. Give z(2).
-15
Let w(n) = -n - 15. Calculate w(-15).
0
Let j(f) = f**2 - 9*f - 3. Give j(5).
-23
Let j(q) = -36*q + 1. Determine j(-1).
37
Let h(z) = z**3 - 5*z + 4. Give h(-3).
-8
Let j(h) = -h**3 + 5*h**2 + 2*h + 18. Calculate j(6).
-6
Let t(p) = -50*p**2 + 252*p. Give t(5).
10
Let k(x) = -6*x - 45. Give k(-12).
27
Let s(m) = -m + 7. Determine s(10).
-3
Let y(x) = -x + 7. Calculate y(-13).
20
Let r(t) = -t + 1. Calculate r(12).
-11
Let c(i) = 5*i - 164. Determine c(31).
-9
Let t(u) = -u**2 - 24*u - 25. Give t(-24).
-25
Let o(a) = -a**2 + 3. What is o(4)?
-13
Let x(y) = y**3 + 4*y**2 - 2*y + 4. Determine x(-5).
-11
Let c(t) = -2*t + 68. Calculate c(16).
36
Let y(w) = 3*w - 11. Give y(6).
7
Let i(w) = -w**3 - 5*w**2 + w - 6. What is i(-5)?
-11
Let c(r) = 2*r**3 + 5*r**2 + 3*r + 2. Give c(-3).
-16
Let x(z) = 11*z - 3. Give x(4).
41
Let z(r) = -r**2 - 5*r - 10. Determine z(-4).
-6
Let p(u) = u**2 + 9*u + 18. Determine p(-6).
0
Let g(m) = -m**3 - 12*m**2 + 20*m + 90. Calculate g(-13).
-1
Let x(n) = 8*n + 7. What is x(-2)?
-9
Let v(w) = -9*w - 79. Calculate v(-10).
11
Let b(i) = 5*i**2 + 5*i - 5. What is b(-5)?
95
Let x(c) = -c**3 - 3*c**2 + 3*c - 5. Calculate x(-4).
-1
Let t(i) = -i**3 + 9*i**2 - i + 5. Determine t(9).
-4
Let v(l) = -l**3 + 9*l**2 + 16*l + 70. Calculate v(11).
4
Let y(w) = 7*w - 19. Determine y(3).
2
Let m(r) = -8*r + 1. What is m(1)?
-7
Let u(l) = -5*l - 62. Calculate u(-27).
73
Let d(v) = -v**3 + 12*v**2 + 16*v + 15. Give d(13).
54
Let t(x) = -13*x + 93. Determine t(7).
2
Let m(w) = -w**3 - 6*w**2 - 5*w - 1. Determine m(-5).
-1
Let p(c) = 12*c + 3. Give p(0).
3
Let z(l) = l**2 - 21*l - 23. Calculate z(22).
-1
Let w(o) = -3*o**2 + 4*o + 1. Determine w(6).
-83
Let y(g) = g**3 - 12*g**2 - 14*g + 8. Give y(13).
-5
Let h(k) = 18*k - 9. Determine h(5).
81
Let y(z) = z**3 - 3*z**2 - 6*z + 11. What is y(4)?
3
Let q(b) = b**2 + 5*b - 11. Give q(-7).
3
Let b(p) = -6*p + 13. What is b(-12)?
85
Let x(b) = 2*b + 28. Calculate x(20).
68
Let d(a) = a**3 - 9*a**2 + 10*a + 9. Calculate d(8).
25
Let r(q) = -q**3 - 14*q**2 - 14*q - 12. Calculate r(-13).
1
Let c(x) = 3*x - 5. What is c(11)?
28
Let y(p) = p**3 - 37*p**2 - 4*p + 141. Give y(37).
-7
Let d(b) = -45*b**3 + 2*b + 3. Determine d(-1).
46
Let g(a) = -a**3 + 9*a**2 + 16*a - 12. Determine g(10).
48
Let j(p) = 5*p - 7. Give j(-5).
-32
Let j(f) = -f**3 + 14*f**2 - 8*f - 63. Calculate j(13).
2
Let t(r) = r**3 + 7*r**2 + 6*r + 6. Determine t(-4).
30
Let u(w) = -w**3 + w**2 + w - 16. What is u(0)?
-16
Let s(l) = -l**3 + 5*l**2 + 17*l - 84. Give s(6).
-18
Let a(v) = -v - 1. Determine a(3).
-4
Let w(b) = -b**3 + 15*b**2 + 20*b - 23. Calculate w(16).
41
Let i(t) = -t**3 - 5*t**2 - t - 33. What is i(-6)?
9
Let f(x) = -x**3 - 9*x**2 - 3*x + 42. Give f(-8).
2
Let w(b) = 2*b**2 + 10*b + 6. Calculate w(-9).
78
Let i(x) = 6*x - 8. Give i(14).
76
Let w(y) = -y**2 + 8*y - 5. Determine w(6).
7
Let q(i) = i**2 + 6*i - 4. Determine q(-6).
-4
Let s(d) = -d**3 - 31*d**2 - 20*d - 622. Give s(-31).
-2
Let x(a) = 48*a**3 + a**2 + a + 1. Calculate x(-1).
-47
Let r(i) = i**3 + 14*i**2 - 14*i - 11. Determine r(-15).
-26
Let t(k) = 43*k + 255. Determine t(-6).
-3
Let m(o) = -3*o**2 - o. What is m(1)?
-4
Let i(g) = -g**2 - 21. Determine i(0).
-21
Let g(j) = j**2 + 8*j - 6. Give g(-5).
-21
Let z(p) = p - 4. What is z(15)?
11
Let g(h) = 2*h + 12. What is g(-9)?
-6
Let c(a) = -3*a - 11. Determine c(2).
-17
Let d(v) = v**2 - 7*v - 1. What is d(8)?
7
Let j(k) = -8*k + 5. Give j(2).
-11
Let t(r) = -29*r**2 + 2*r + 3. Determine t(-1).
-28
Let h(t) = -t**3 + 4*t**2 + 5*t + 9. Calculate h(5).
9
Let v(l) = -2*l**2 + 3*l + 3. What is v(3)?
-6
Let x(b) = -8*b - 8. Determine x(6).
-56
Let p(r) = r**3 - 2*r**2 + 5*r + 5. Calculate p(0).
5
Let o(n) = -n**3 + 3*n**2 + 12*n - 2. Determine o(5).
8
Let p(f) = -f**3 - 8*f**2 - 4*f + 11. Give p(-8).
43
Let n(g) = -g**3 - 5*g**2 - g - 1. What is n(-3)?
-16
Let q(y) = -y**2 - 8*y - 11. Give q(-5).
4
Let k(j) = -j**2 + 71*j + 804. Give k(-10).
-6
Let o(z) = -3*z**2 + z. Give o(-1).
-4
Let p(w) = 8*w - 3. What is p(-2)?
-19
Let y(l) = l**3 - 5*l**2 - 5*l - 1. What is y(6)?
5
Let t(n) = -61*n + 53. What is t(1)?
-8
Let z(p) = -12*p - 340. Give z(-28).
-4
Let t(m) = -8*m**3 + m**2 + 2*m + 3. Determine t(-2).
67
Let g(x) = x**2 + 10*x + 15. Calculate g(-7).
-6
Let s(n) = n - 10. Determine s(14).
4
Let o(j) = 7*j - 20. Give o(5).
15
Let k(h) = h**3 - 12*h**2 + 8*h + 28. What is k(11)?
-5
Let y(x) = x**3 + 3*x**2 - 2*x - 1. What is y(-5)?
-41
Let m(c) = 12*c + 292. Give m(-24).
4
Let b(o) = o**2 + 4*o - 7. Determine b(-4).
-7
Let v(a) = 3*a + 1. Calculate v(-3).
-8
Let u(l) = 2*l + 6. Calculate u(6).
18
Let m(j) = -j + 17. Determine m(16).
1
Let i(p) = 13*p + 1. Calculate i(-3).
-38
Let i(s) = 7*s**3 + 3*s**2 + 6*s + 2. Give i(-1).
-8
Let s(r) = -4*r**3 + 3*r**2 - 2*r + 3. Calculate s(2).
-21
Let q(c) = -30*c**2. Calculate q(1).
-30
Let y(c) = -c**2 - 36*c - 211. Give y(-31).
-56
Let b(n) = n - 3. What is b(10)?
7
Let v(i) = i**3 - 7*i**2 + 2*i - 10. What is v(7)?
4
Let f(a) = 2*a + 1. Determine f(5).
11
Let j(d) = 7*d**3 + 2*d**2 - 2. Give j(-1).
-7
Let l(s) = -s**3 - 21*s**2 + 47*s + 11. Determine l(-23).
-12
Let h(s) = 29*s + 376. Give h(-13).
-1
Let m(t) = -t**2 - t + 1. What is m(-1)?
1
Let r(z) = -z**3 + 47*z**2 - 6*z + 279. What is r(47)?
-3
Let d(x) = -3*x + 1. Determine d(5).
-14
Let s(f) = -2*f - 10. What is s(-11)?
12
Let r(o) = o**3 + 7*o**2 + 6*o - 3. What is r(-6)?
-3
Let w(s) = 4*s - 24. What is w(7)?
4
Let v(b) = -b**2 + 20*b + 46. Determine v(-2).
2
Let x(g) = -g**2 - 40*g - 327. Determine x(-29).
-8
Let o(h) = -h + 9. Give o(0).
9
Let h(j) = -4*j**2 - 28*j - 6. What is h(-7)?
-6
Let s(i) = -40*i. Give s(1).
-40
Let j(f) = -f**3 + 71*f**2 + 74*f - 136. What is j(72)?
8
Let p(t) = -t**3 - 9*t**2 - 8*t - 2. What is p(-8)?
-2
Let s(o) = 3*o - 67. What is s(23)?
2
Let p(m) = 14*m + 1. What is p(2)?
29
Let x(z) = 9*z + 159. Determine x(-16).
15
Let r(c) = 9*c + 56. Give r(-4).
20
Let v(l) = 5*l**2 - 73*l + 2. What is v(15)?
32
Let q(d) = 3*d - 6. Determine q(11).
27
Let g(p) = 2*p + 29. Determine g(-19).
-9
Let b(m) = 12*m**2 + m - 2. Determine b(-2).
44
Let p(w) = 3*w**3 - 25*w**2 - 20*w + 20. Determine p(9).
2
Let f(y) = -10*y. Give f(1).
-10
Let l(r) = r + 4. Determine l(7).
11
Let a(p) = -16*p**2 - 3*p + 1. What is a(1)?
-18
Let s(c) = c**2 - 3*c - 1. Calculate s(-3).
17
Let w(v) = 2*v - 45. Determine w(14).
-17
Let a(j) = -9*j + 24. Calculate a(6).
-30
Let p(f) = f**3 + 41*f**2 - 41*f + 28. Determine p(-42).
-14
Let f(m) = -m**2 - 3*m - 3. Determine f(-5).
-13
Let w(v) = v**3 + 11*v**2 + 9*v + 7. Give w(-10).
17
Let u(f) = f**2 + 6*f + 5. Determine u(-3).
-4
Let z(s) = s**2 + 9*s + 4. Determine z(-8).
-4
Let u(l) = -4*l - 26. Calculate u(-6).
-2
Let q(d) = 9*d**2 - 2*d + 1. Calculate q(-2).
41
Let q(p) = -p + 12. Calculate q(15).
-3
Let t(o) = 3*o**2 + 6*o - 3. Calculate t(4).
69
Let v(q) = 3*q**2 - 1. Determine v(-1).
2
Let o(r) = 8*r + 22. Give o(-8).
-42
Let a(m) = -26*m**3 + 3*m**2 + m. Calculate a(-1).
28
Let t(v) = 16*v**2 + v. What is t(-1)?
15
Let r(u) = -16*u**2 - u - 1. Calculate r(-1).
-16
Let c(r) = -r**2 + 8*r + 19. Determine c(17).
-134
Let o(u) = -11*u - 1. Give o(1).
-12
Let a(f) = -20*f. What is a(-1)?
20
Let b(w) = w**2 + 26*w + 75. Give b(-5).
-30
Let t(c) = 2*c**2 + 9*c - 21. Give t(-6).
-3
Let z(i) = -3*i**2 - 4*i + 6. What is z(2)?
-14
Let y(h) = -5*h - 35. Give y(-8).
5
Let g(w) = -2*w**3 + 7*w**2 